+ 26*b + 19303. Calculate d(-76).
-1
Let a(g) = g**3 + 27*g**2 + 150*g - 49. Determine a(-14).
399
Let k(y) = -134*y + 2014. What is k(14)?
138
Let i(z) = 2*z**2 + 28*z - 127. Give i(-21).
167
Let k(a) = 816*a - 65134. Calculate k(80).
146
Let i(x) = -x**3 - 5*x**2 - 42771*x - 85534. Give i(-2).
-4
Let f(x) = -x**3 + 4*x**2 + 158*x + 151. What is f(16)?
-393
Let z(i) = 1360*i**2 + 9550*i - 10. Calculate z(-7).
-220
Let z(o) = 7*o**2 - 409*o + 2849. Calculate z(7).
329
Let j(x) = x**3 + 10*x**2 - 162*x - 1883. Calculate j(-12).
-227
Let r(f) = -10*f**2 + 128*f + 144. Calculate r(14).
-24
Let p(t) = t**2 - 34*t + 665. Determine p(14).
385
Let t(b) = -b**3 - 63*b**2 - 417*b - 914. Determine t(-56).
486
Let t(l) = l**3 + 67*l**2 + 861*l - 8757. Give t(-40).
3
Let k(t) = 1441*t + 712019. Give k(-494).
165
Let k(a) = -50801*a - 406404. Give k(-8).
4
Let d(u) = -4*u**3 + 53*u**2 + 16*u - 64. Determine d(14).
-428
Let d(a) = 178*a + 94. Give d(7).
1340
Let v(q) = q**3 - 3908*q**2 + 2197586*q + 685. Give v(681).
4
Let w(p) = p**2 + 12507*p - 50022. Give w(4).
22
Let n(g) = -82*g - 868. Calculate n(-4).
-540
Let f(h) = 42*h**2 - 75*h - 86. Determine f(-1).
31
Let g(q) = -3*q**2 + 364*q - 10868. Calculate g(68).
12
Let t(z) = 35163*z - 49685315. Determine t(1413).
4
Let i(h) = 299633*h - 53035038. What is i(177)?
3
Let o(f) = -9790*f - 146856. What is o(-15)?
-6
Let o(r) = 70*r**2 - 1417*r + 2867. Calculate o(18).
41
Let m(f) = 28*f**2 - 682*f - 119. What is m(24)?
-359
Let p(t) = -t**3 + 17*t**2 + 45*t - 177. Determine p(11).
1044
Let q(f) = -6*f**2 - 4413*f - 2206. Calculate q(-735).
-1
Let d(x) = -4*x**3 + 345*x**2 - 411*x - 1209. Give d(85).
-19
Let r(x) = x**3 + 48*x**2 + 572*x - 215. Calculate r(-19).
-614
Let g(s) = 106*s**2 - 4226*s - 569. Determine g(40).
-9
Let m(n) = 418*n - 3281. Determine m(10).
899
Let z(a) = -13968*a + 251411. Calculate z(18).
-13
Let s(h) = h**3 - 32*h**2 - 102*h - 10. What is s(35)?
95
Let c(l) = 4118*l - 1186001. What is c(288)?
-17
Let q(z) = 2*z**2 - 2555*z - 20536. Give q(-8).
32
Let j(h) = -158755*h + 100. Calculate j(0).
100
Let t(r) = -20*r**2 + 322*r - 32. Give t(16).
0
Let i(b) = 712239*b - 6410158. Calculate i(9).
-7
Let p(v) = -2*v**3 - 53*v**2 - 269*v + 41. Calculate p(-7).
13
Let n(p) = -28696*p + 28764. Give n(1).
68
Let i(z) = -658*z + 15665. Calculate i(25).
-785
Let n(v) = 3*v**3 + 8*v**2 - 69*v - 238. Determine n(-4).
-26
Let w(t) = -179*t**3 - t**2 - 17*t - 15. Determine w(-1).
180
Let u(r) = -2*r**3 + 46*r**2 - 1065*r + 24502. What is u(23)?
7
Let o(u) = -u**2 - 71400*u + 499842. Calculate o(7).
-7
Let c(u) = -2*u**3 - 1145*u**2 - 3982*u + 648. What is c(-569)?
79
Let o(s) = 3*s**2 - 64*s + 301. Calculate o(7).
0
Let i(m) = -653*m - 2726. Give i(-4).
-114
Let c(d) = -92367*d + 831277. Calculate c(9).
-26
Let m(b) = -b**3 + 66*b**2 - 36*b + 55. Calculate m(65).
1940
Let m(k) = k**3 - 53*k**2 + 153*k + 389. Give m(48).
-3787
Let l(f) = -f**3 - 10*f**2 - 4597*f - 50684. What is l(-11)?
4
Let f(m) = 2003*m**3 - 39*m**2 - 57*m - 19. What is f(-1)?
-2004
Let g(m) = 4*m**2 + 33250*m - 99753. What is g(3)?
33
Let u(f) = 18*f**3 - 444*f**2 - 158*f + 104. Give u(25).
-96
Let m(l) = 299*l + 13039. Give m(-48).
-1313
Let w(k) = -2*k**3 + 674*k**2 - 1033*k + 121469. Calculate w(336).
173
Let d(q) = -11*q**2 + 8559*q - 34736. Give d(774).
94
Let h(i) = 164*i**2 - 2145*i + 89. Determine h(13).
-80
Let t(f) = 6079*f - 42613. Calculate t(7).
-60
Let k(n) = -2*n**3 + 50*n**2 - 241*n - 10. What is k(14)?
928
Let t(c) = 7*c + 52. Determine t(38).
318
Let h(v) = -v**2 - 11742*v - 793776. Calculate h(-68).
56
Let h(a) = -a**3 - 65*a**2 + 125*a - 4. Give h(2).
-22
Let w(g) = 251*g**2 - 3517*g - 39. Determine w(14).
-81
Let z(h) = -2*h**3 + 172*h**2 + 173*h + 305. Determine z(87).
218
Let n(x) = 180*x + 1272. Give n(-7).
12
Let s(d) = -16*d**2 - 3473*d - 419. Give s(-217).
-202
Let q(t) = -t**3 + 47*t**2 - 214*t + 1179. Give q(43).
-627
Let q(w) = 3*w**3 + 219*w**2 - 5580*w - 1. Give q(20).
-1
Let s(g) = -51389*g - 822236. What is s(-16)?
-12
Let w(g) = 71*g - 1277. What is w(22)?
285
Let h(r) = r**2 + 12106*r - 3152057. Give h(255).
-2
Let d(b) = 71*b**3 + 847*b**2 - 77*b - 297. Determine d(-12).
-93
Let s(q) = 2*q**3 + 1041*q**2 - 26705*q - 254. Calculate s(-545).
-254
Let d(s) = 3*s**2 + 538*s - 176092. Determine d(-348).
-4
Let v(g) = 9*g**2 - 787*g - 3736. Calculate v(92).
36
Let q(b) = 46138*b - 95228831. Calculate q(2064).
1
Let r(x) = -15*x**2 + 4*x + 186. Give r(6).
-330
Let d(m) = 5*m**2 + 2918*m + 10444. Determine d(-580).
4
Let r(c) = c**2 - 170899*c + 1538015. Determine r(9).
5
Let a(d) = 576*d**2 - 3568*d + 666. What is a(6)?
-6
Let j(z) = 3*z**2 - 201*z + 53. Determine j(65).
-337
Let o(m) = -m**2 + 228*m - 4547. What is o(21)?
-200
Let b(g) = g**2 + 2056*g - 99159. Determine b(47).
-318
Let z(y) = -y**2 - 510*y - 24961. What is z(-56)?
463
Let a(m) = -3*m + 3669. What is a(-20)?
3729
Let i(b) = -1693*b + 18740. Give i(11).
117
Let f(t) = -t**3 - 45*t**2 + 767*t + 405. Give f(-58).
-349
Let l(b) = 4*b**3 + 5*b**2 - 44*b - 272. Determine l(-5).
-427
Let p(y) = -24848*y + 521835. Give p(21).
27
Let x(n) = 10151*n + 50572. Give x(-5).
-183
Let s(g) = -405*g - 9222. Determine s(-23).
93
Let z(q) = -3*q**2 - 14697*q - 525215. Determine z(-36).
-11
Let l(t) = -280*t - 1696. Determine l(10).
-4496
Let k(d) = -2733*d + 19167. Give k(7).
36
Let i(j) = -2815*j + 15745. Give i(6).
-1145
Let z(x) = -3*x**3 - 140*x**2 + 566*x + 24613. What is z(-47)?
220
Let m(r) = 16*r**2 + 12*r - 643. Determine m(-7).
57
Let d(o) = o**3 + 12*o**2 - 15*o - 159. Give d(-6).
147
Let o(a) = a**3 + 200*a**2 - 104*a + 19262. Give o(-201).
-235
Let t(s) = -4*s**3 - 289*s**2 - 76*s - 192. Calculate t(-72).
96
Let t(g) = -13*g**3 + 22*g**2 + 26*g - 82. Give t(7).
-3281
Let b(w) = w**3 - 25*w**2 - 140208*w + 3505201. Determine b(25).
1
Let r(a) = 49*a**2 - 1007*a + 485. Give r(20).
-55
Let r(i) = -18041*i + 36063. Calculate r(2).
-19
Let t(u) = -2378*u**2 + 718174*u - 5434. Determine t(302).
2
Let b(k) = 3031*k - 2731022. Give b(901).
-91
Let m(s) = -2*s**3 - 34*s**2 - 161*s + 28. What is m(-6)?
202
Let k(i) = -2013*i + 21989. Give k(11).
-154
Let k(u) = -u**3 + 20*u**2 + 8*u - 863. Give k(18).
-71
Let i(w) = -7801*w - 31154. Determine i(-4).
50
Let r(b) = 114438*b - 572192. Calculate r(5).
-2
Let b(u) = 1272*u - 10417. Calculate b(8).
-241
Let m(k) = k**3 - 92*k**2 + 1493*k - 98. What is m(21)?
-56
Let t(w) = -2*w**2 + 2680*w - 665316. What is t(329)?
-78
Let v(o) = -o**2 + 15058*o - 105364. What is v(7)?
-7
Let w(y) = -2516*y - 11848. Calculate w(-5).
732
Let f(d) = 4622*d - 138901. Determine f(30).
-241
Let c(p) = -23*p**2 - 98*p - 91. What is c(-11)?
-1796
Let c(f) = -482250*f - 5304772. Give c(-11).
-22
Let q(h) = 6018*h - 48402. Give q(8).
-258
Let s(n) = -8*n**3 + 2398*n**2 - 33615*n - 4281. What is s(285)?
-6
Let b(m) = -m**3 - 22*m**2 - 7*m - 55. Calculate b(-23).
635
Let k(j) = 2052*j - 12412. What is k(6)?
-100
Let c(f) = f**2 + 17736*f + 53186. What is c(-3)?
-13
Let i(p) = 538*p - 337370. Give i(627).
-44
Let l(o) = -o**2 - 3952*o - 63011. What is l(-16)?
-35
Let g(a) = a**3 + 11*a**2 + 159*a + 1040. Give g(-7).
123
Let o(r) = -16*r**2 - 240*r - 213. Give o(-15).
-213
Let j(z) = 15*z**2 + 174*z - 152. Calculate j(-12).
-80
Let v(k) = 2*k**2 - 587*k + 13. What is v(292)?
-863
Let i(y) = y**3 - 47*y**2 + 62*y - 479. Calculate i(44).
-3559
Let m(f) = 3*f**2 - 32*f - 48075. Calculate m(132).
-27
Let h(a) = a**2 - 77*a - 1099. Give h(90).
71
Let s(t) = 4907*t + 19613. Calculate s(-4).
-15
Let g(f) = f**3 - 260*f**2 + 2016*f + 182. Give g(252).
182
Let d(u) = u**3 + 95*u**2 + 329*u - 2662. What is d(-91)?
523
Let c(x) = 18*x**2 - 1550*x - 841. What is c(87)?
551
Let b(a) = -192885*a + 771508. Give b(4).
-32
Let x(i) = i**3 - 33*i**2 + 70*i - 20. What is x(2)?
-4
Let j(p) = 17081*p + 1964305. What is j(-115)?
-10
Let k(y) = 381*y**2 - 2994*y + 5992. Give k(2).
1528
Let q(w) = 677*w + 138792. What is q(-205)?
7
Let r(o) = -207195*o + 414367. What is r(2)?
-23
Let g(n) = -n**2 + 167*n + 27437. Give g(269).
-1
Let o(p) = -27446*p + 137177. Determine o(5).
-53
Let y(t) = -t**3 + 406*t**2 + 667*t - 25. Calculate y(0).
-25
Let y(n) = -3*n**3 